?
0
Suppose -3*t = -6*t - 3, 0 = -4*f + t - 7835. Let k = -972 - f. What is the hundreds digit of k?
9
Let k(c) = -5*c**3 + 59*c**2 + 10*c + 14. Let q be k(12). Let j(w) = 3*w**2 + w - 46. What is the units digit of j(q)?
4
Suppose 2*q + 1654 = 2*t - 9134, -3*t = -4*q - 16182. What is the tens digit of t?
9
Suppose 8 = -4*n + 6*n - 4*d, -4*d - 16 = 0. What is the units digit of 56/n + 10 - (-102)/1?
8
Suppose 0 = -4*x - 1401 + 5265. What is the hundreds digit of x?
9
Let y be (44/(-8) + -2)*(-140 - 0). Suppose 5*c + 0*c - y = 0. What is the tens digit of c?
1
Let z = 1447 - 2433. Let o = z + 1489. Let q = o - 326. What is the tens digit of q?
7
Let l(v) = 7*v**2 - 2*v - 5. Let m be l(6). Suppose 0 = 10*g - m - 1065. What is the tens digit of g?
3
Suppose 95941 = 151*k - 314930. What is the units digit of k?
1
Let r = 48710 + -22498. What is the thousands digit of r?
6
Let i = 41 + -43. Let x be (3 - (-1 - i)) + 254*1. Suppose 4*g + x = -2*v + 4*v, 0 = 5*v - g - 622. What is the tens digit of v?
2
Let z = 40 - 25. Let v be (7/3 - 5/z) + -2. Suppose 3*i = -3*x + 183, -2*x + 0*x + 2*i + 134 = v. What is the units digit of x?
4
Suppose g - 8161 = -5*m + 3658, -7091 = -3*m - g. What is the units digit of m?
4
Let p(o) = -o**3 - 67*o**2 + o + 3554. What is the thousands digit of p(-76)?
5
Suppose 1 = h + 2*v, 8*h + 19 = 11*h - 2*v. Suppose -2*t + h*t - 1053 = 0. What is the tens digit of t?
5
Suppose 5*x - 2*h + 101 = 0, 8 = x + 3*h + 35. What is the hundreds digit of (19 + x)*367/(-2)?
3
Suppose -5*w + q = -15, -4*q = -2*w + 3 + 3. Let j be (22/4 - w)/(2/4). What is the tens digit of 6*-2*(-5)/j?
1
Suppose 257 = 2*m - 319. Suppose -2*h + m + 96 = 0. Let w = -93 + h. What is the tens digit of w?
9
Suppose 2*g - x + 1 = 3*g, 21 = 5*g + x. Suppose -5*p = -i + 178, 8*i - 3*i - 800 = -g*p. Let h = -9 + i. What is the hundreds digit of h?
1
Suppose 0 = 4*t - 3*a + 1255 + 478, -5*a + 2160 = -5*t. Let o = t + 295. What is the units digit of o/(-12) + ((-65)/(-30))/13?
2
Let f(u) = 11*u**2 + 52*u + 34. Let t(n) = -2*n**2 - n + 1. Let i(r) = f(r) + 4*t(r). What is the hundreds digit of i(-20)?
2
Let v(z) = z + 7. Let x be v(-5). Let c be (-70)/28 - (-207)/x. Let t = c - 58. What is the tens digit of t?
4
Suppose -8 - 4 = 4*a. Let c = a - -3. Suppose c = 6*x + x - 532. What is the tens digit of x?
7
What is the units digit of -4 + (-11)/(-2) + (-1242495)/(-18)?
9
Suppose 7*n = 4*n + 33. Suppose n*d + 214 = -864. Let g = d + 292. What is the units digit of g?
4
Suppose 3*p - 219 = -3*o, -5*o = -p + 2*p - 377. Suppose o = 3*m + 61. Suppose 5*i = -5*u + 77 + 38, 23 = u - m*i. What is the tens digit of u?
2
Suppose -2*b - 171 = -603. Let n = b + 106. What is the units digit of n?
2
Let f = -58 - -40. What is the units digit of 310 - (-10)/(60/f)?
7
Suppose 3*b - 2*o + 0*o = 9, 4*o + 15 = 5*b. Suppose b*u - u = 3*m + 63, -m = -2*u + 69. What is the tens digit of u?
3
Let q(w) = 7*w + 9. Let f be q(-2). Let g be 6 + f + -2 + 0 + 3. Suppose g*v = -5*v + 392. What is the tens digit of v?
5
Suppose 2*j - 336 - 208 = 0. Suppose -2*w - 394 = 3*a, -a - 270 = a + 5*w. Let b = j + a. What is the tens digit of b?
4
Let d = -70268 + 129600. What is the tens digit of d?
3
What is the units digit of 6/11 - 72302976/(-6336)?
2
Suppose 90*i - 240*i + 4590953 = -3484897. What is the units digit of i?
9
Suppose 39839 + 36653 = 3*h - 67160. What is the ten thousands digit of h?
4
Let n = 12229 - 9828. What is the hundreds digit of n?
4
Let c be 415*(-6 + (-192)/(-30)). Let s = c - 27. What is the hundreds digit of s?
1
Let j be ((1075/(-15))/(-5))/((-1)/(-3)). Let l = 55 + j. What is the tens digit of l?
9
Suppose -1262 - 2374 = -3*m. Suppose 4*s = 2*r + m, -4*s - 2*r = -1015 - 197. What is the hundreds digit of s?
3
Let b(i) = 6*i**2 + i + 2*i**2 + 8 + 2*i - i. Let k be b(5). Let u = 328 - k. What is the tens digit of u?
1
Suppose -817*q + 116398 + 234744 = -795*q. What is the thousands digit of q?
5
Let c be -17 + 2 + -3 - (-4 - -2). Let l(u) be the third derivative of u**5/60 + 5*u**4/12 - 11*u**3/6 + 60*u**2. What is the tens digit of l(c)?
8
Let a(o) = -o**2 + 9*o + 76. Let y be a(0). Suppose -60*w - 21152 = -y*w. What is the hundreds digit of w?
3
Let z be ((-2)/3)/((-15)/(-90)). Let a be (48/72)/(z/(-42)). What is the tens digit of a*-1*(-410)/35?
8
Suppose 0 = -7*v + 17468 + 31504. What is the tens digit of v?
9
Let r(u) = 9*u - 28. Let h(j) = 2*j. Let k(p) = -3*h(p) + r(p). Let c be k(14). What is the units digit of (178 - c) + ((-6)/2 - -2)?
3
Let q be (-5560)/(-4) - (-40)/(-8). Let p = q + -772. What is the tens digit of p?
1
Suppose -54*r + 57*r = -3*d + 504, -2*r = -3*d + 509. What is the hundreds digit of d?
1
Suppose 2063171 = 105*k - 656224. What is the ten thousands digit of k?
2
Suppose w - 4*y - 88864 = 0, 2*w - 126*y + 122*y = 177700. What is the hundreds digit of w?
8
Let w be (-572)/(-78)*(-5 + 2). Let p(s) = -34*s + 62. What is the tens digit of p(w)?
1
Let s(o) = o**2 + 6*o + 3. Let q be s(-6). Suppose 0 = -g - q*j + 924, 3*j + 3651 = -0*g + 4*g. Suppose -g = -6*a + 57. What is the units digit of a?
2
Suppose -279 = -t - 284. What is the tens digit of 14 + ((-18)/3 - t)?
1
Let i = 684 - -206. Let f = i + 205. What is the units digit of f?
5
Let o be 0/(-3 - (-3)/3). Suppose 15 = -2*z - 3*z, o = 4*c + 4*z + 80. Let j = c - -20. What is the units digit of j?
3
Let z be (-8)/(-10)*(-100)/8. Let f be 2/2 - (z + 9). Suppose 0 = 4*v - 3*i - 302, 229 = f*v + v - i. What is the units digit of v?
7
Suppose -3*w + 4*j + 26 = 0, -3*j = 5*w - 4*w + 13. Suppose 7*o = w*h + 8*o - 549, -2*o - 282 = -h. What is the hundreds digit of h?
2
What is the thousands digit of ((24/14)/(90/(-208460)))/((-4)/24)?
3
Suppose 0 = -4*j + 5*u + 45, -34*j = -31*j + 6*u + 15. Let o(z) be the first derivative of 9*z**2 + 11*z - 1. What is the units digit of o(j)?
1
Let k = 4849 + 389. What is the tens digit of k?
3
Let p(s) = -2*s - 24. Let t be p(-12). Suppose -2*z + 5*x + 26 = -54, t = -5*z + 2*x + 158. What is the tens digit of 12/z - 288/(-5)?
5
Let b(l) = -l**3 + 16*l**2 + 2*l - 13. Let u be b(15). Suppose -247*y + 2660 = -u*y. What is the tens digit of y?
3
Suppose 39*d - 1895598 = -120*d. What is the thousands digit of d?
1
Suppose -317979 = -42*x + 2541213 - 340956. What is the units digit of x?
8
Let u be ((-19075)/(-20))/7 + 12/16. Suppose -272 = u*j - 138*j. What is the tens digit of j?
7
Let j be (6/(24/5))/((-2)/(-200)). Let g(s) = s + 1. Let w be g(1). Let x = j + w. What is the hundreds digit of x?
1
Suppose 94*b - 83*b = -2981. Let y = -1 + -389. Let l = b - y. What is the units digit of l?
9
Let h(u) = u**2 - 2*u. Let g = -72 + 74. Let m be h(g). Suppose -5*p + o + 2*o + 858 = m, 5*o + 860 = 5*p. What is the tens digit of p?
7
Suppose -6*y + 3*c + 519 = -8*y, 2*y + 5*c = -521. Let t = y + 575. What is the units digit of t?
7
Suppose 3*l + o - 9385 = 0, -4*l - 3*o + 5*o + 12500 = 0. Suppose 37*b + 4*z = 32*b + l, -1258 = -2*b + 2*z. What is the hundreds digit of b?
6
Let q(l) = -l**2 + l + 930. Let z be q(0). Let h = 900 - 895. Suppose -w = -3*a - 142, -h*w = -4*a - z + 242. What is the units digit of w?
6
Suppose 4*w - 6*w + d + 50 = 0, 62 = 3*w + 5*d. Let x(j) = 6*j + 20. What is the hundreds digit of x(w)?
1
Suppose -5*z + 104*n = 101*n - 73467, 0 = z - 6*n - 14715. What is the hundreds digit of z?
6
Let z(r) = 3*r**3 + r**2 - 10*r + 22. What is the tens digit of z(6)?
4
Suppose j - 2*h - 30008 = 0, -4*j + 656*h = 653*h - 120057. What is the tens digit of j?
1
Let i(a) = -a**3 - 2*a**2 - 2*a + 14. Suppose 3*k - 96 = -0*k. Let q = k + -32. What is the units digit of i(q)?
4
Let w(j) be the first derivative of -j**4/4 - 11*j**3/3 - 6*j**2 - 60*j + 205. What is the hundreds digit of w(-13)?
4
Let h(t) = -t**3 + 3*t**2 - t + 4. Let o be h(5). Let i = o + 56. Suppose 3*x - 176 = -i*d, -x - 43 = -d - 3. What is the tens digit of d?
3
Suppose 0*i + 21*i - 64745 = 54115. What is the hundreds digit of i?
6
Let s(x) = -118*x**3 + 62*x**2 - 10*x - 6. What is the units digit of s(-7)?
6
Let y = -484 - -522. Suppose -4*r - y*r + 966 = 0. What is the units digit of r?
3
Let i = 525 - 522. Suppose 2*v + 1900 = 4*x, i*x - 1158 - 277 = -v. What is the tens digit of x?
7
Suppose -14 = 